 0 = i + 3*d - 6*d + 70. Let v(o) = 2*o**3 + 31*o**2 + 8*o + 16. Let k be v(-15). Let x = k + i. What is the tens digit of x?
6
Suppose -1404 = -3*s + 6*m - 2*m, 1404 = 3*s - 3*m. What is the hundreds digit of s?
4
Suppose 200*g - 80 = 196*g. What is the units digit of g?
0
Suppose 7*u - 30 = -2. What is the hundreds digit of (u - 9)/((-2)/12)*5?
1
Suppose 2*j + 5*s = 5, 5*j + 5*s + 22 - 57 = 0. Let u(p) = 10*p - 5. Let i be u(j). Suppose -4*h + 133 = -i. What is the units digit of h?
7
Let u = -48 - 11. Let x = 36 + u. Let w = -6 - x. What is the units digit of w?
7
Let d(l) = 285*l**2 - 6*l + 7. What is the units digit of d(1)?
6
Let b be (112/24)/(1/(-12)). Let h = -8 - b. What is the units digit of h?
8
Let v(y) = y**2 + 2*y - 3. Let b be v(-4). Let u(r) = 37*r - 15. Let f(n) = -90*n + 38. Let o(s) = -5*f(s) - 12*u(s). What is the tens digit of o(b)?
2
Let i(f) = 47*f - 134. What is the tens digit of i(8)?
4
Let x be 17 - ((0 - 2) + -1). Suppose -4*q + 25 = -5*b, -q - 4*b - x = -3*q. Suppose k + 59 = 4*l, 3*l = -q*k + 2*k + 43. What is the units digit of l?
5
Suppose 73 = -4*m + 1. Suppose -89 = -9*u + 208. Let y = u + m. What is the tens digit of y?
1
Let k(q) be the first derivative of q**5/20 - q**4/6 + 7*q**3/3 - 3. Let n(m) be the third derivative of k(m). What is the tens digit of n(7)?
3
Suppose -1254 = 4*t + 2*m - 9340, -5*t + 10115 = 4*m. What is the units digit of t?
9
Let x = -19 + 9. Let u = 12 + x. Suppose -66 = -5*h + u*h. What is the tens digit of h?
2
Suppose -10*z + 10 = -5*z. Suppose 5*p - 5*h - 30 = 0, 4*h + z + 13 = p. What is the units digit of p?
3
Suppose 0 = -j - u + 302, 1170 + 310 = 5*j - 5*u. What is the tens digit of j?
9
Suppose -80262 - 913 = -25*t. What is the thousands digit of t?
3
Let d(c) = -3*c + c + 0*c - 10 + 5. Let n be d(-4). Suppose 2*p - 50 = 2*k, -n*p - 2*k = k - 51. What is the tens digit of p?
2
Let n(h) be the second derivative of -h**5/4 - h**4/12 + 2*h**3/3 - 3*h**2/2 - 13*h. What is the tens digit of n(-3)?
1
Let x = -570 + 1077. What is the hundreds digit of x?
5
Suppose 0 = -5*g - u + 20, 0 = 3*g - 4*u + 6 + 5. Let x be g/(-4) - (-9207)/(-44). What is the units digit of (2/3)/((-4)/x)?
5
Suppose -6*b - 5269 = -17*b. What is the units digit of b?
9
Let d(t) = -t**2 - 11*t + 63. Let r be d(-15). Let k be (0 + (-4)/2)*-1. Suppose r*m + 4*c - 7 = k*m, -4*c + 19 = 5*m. What is the units digit of m?
3
Suppose -2*t + 5*z - 3*z - 4 = 0, 0 = 5*t + 4*z - 26. What is the units digit of 9 + -12 + 122/t?
8
Let p = 112 - 62. Suppose 0 = -3*q - 17 + p. Suppose -z - q + 33 = 0. What is the units digit of z?
2
Let b be ((-160)/15 - -6)*(-3)/2. Suppose -3*v = -3*x + b*x - 36, -v - x + 12 = 0. What is the units digit of v?
2
Let i = -966 - -1637. What is the hundreds digit of i?
6
Let u = -832 + 1171. What is the tens digit of u?
3
Let n = 17 - -236. Suppose -485 - n = -6*o. Suppose -5*f = -3*t + 111, 4*t - t - f - o = 0. What is the units digit of t?
2
Let w(u) = u**3 - 7*u**2 + u + 4. Let x be w(9). Let q = -118 + x. What is the tens digit of q?
5
Let j(f) = f**3 - f**2 + f + 10. Let n be j(0). What is the hundreds digit of (-846)/30*-9 - (-2)/n?
2
Let x be (0/2)/(2/(-2)). What is the tens digit of -4 - x - -3 - -23?
2
Suppose 2*n + 2*n = -20. Let h(y) = -y**2 - 4*y + 4. Let x be h(n). Let w = x + 18. What is the tens digit of w?
1
Suppose 3*d = -x + 1280, 5*d = 71*x - 67*x + 2105. What is the tens digit of d?
2
Let q(m) = m**2 + 12*m - 89. What is the tens digit of q(6)?
1
Suppose 0 = 3*x + 4*i + 16, -x + 20 = -7*i + 2*i. Let h be (-9 - -54)*(x + 1). Suppose -2*p = 3*z + 2*p - 41, -3*p + h = 3*z. What is the units digit of z?
9
Let o(f) = 25 + 5*f**3 + 11*f**3 - 15*f**3 + 15*f**2 - 38*f. What is the tens digit of o(-17)?
9
Let y(w) = w + 7. Let m(q) = -q - 7. Let t(p) = -3*m(p) - 4*y(p). Let z be t(-7). Suppose z = 5*i + 7 - 52. What is the units digit of i?
9
Suppose -2809 - 3329 = -11*l. What is the hundreds digit of l?
5
Suppose -k = 3*v + 19, -2*v - k + 16 = -4*v. Let j(z) = -22*z + 6. Let u be j(v). What is the units digit of (2 + 1)*u/24?
0
Suppose -x + 9 = 3*a - 0*x, 0 = 2*a + 3*x - 13. Let w = -248 - -267. Suppose -a*g = -w - 19. What is the units digit of g?
9
Let j(b) be the second derivative of 3*b**3 + 5*b**2 + 13*b. What is the tens digit of j(2)?
4
Suppose -6*y + 3*f + 27 = -y, 6 = -2*y - 3*f. Suppose 0 = -y*w - 22 + 874. Suppose 4*v + 0*v = w. What is the units digit of v?
1
Let l = -30 - -33. Let p = 6 + 10. Let q = p + l. What is the tens digit of q?
1
Let q = 21 + -11. Let f(c) = 9*c - 20. What is the tens digit of f(q)?
7
Let g(i) = -i**2 - 11*i - 5. Let v be g(-10). Let a(x) = 29*x + 1. What is the hundreds digit of a(v)?
1
Suppose -2*m - 8 + 14 = 0. Suppose 0 = m*i - 9, 3*i - i = -s + 172. What is the hundreds digit of s?
1
What is the hundreds digit of ((-465 - 2) + 7)*(-2)/2?
4
Let d = 775 + -617. What is the units digit of d?
8
Suppose -3*t - 3*a + 3 = 6, -3*t - 5*a + 1 = 0. Let v be (39 - -3) + 440/40. What is the units digit of v + (-12)/t + -4?
3
What is the tens digit of (-6)/(-30) + (-3138)/(-10)?
1
Suppose -6*n = -3*n. Let m be (n - 5/10)*6. What is the units digit of (46 - 2) + m + 1?
2
What is the units digit of 12/(6 + 410/548*-8)?
2
Let l = 12 - -9. Suppose -d = -4*d, -3*i = 2*d + l. Let j = 23 + i. What is the tens digit of j?
1
Suppose -3*a = -3*j + 2*j - 130, -5*a = 3*j - 198. What is the tens digit of a?
4
Let g = -37 - -20. What is the units digit of g/51 - 196/(-3)?
5
Let z(a) = a**3 + 4*a**2 - 3*a + 9. Let x be ((-5)/4)/(1/4). Let h be z(x). What is the tens digit of h/(-2 - 174/(-88))?
4
What is the units digit of 16/4 - 87/1*-1?
1
Let x(g) = -16*g**3 + 3*g**2 + g - 1. Suppose 0*n = -4*n - 4. What is the units digit of x(n)?
7
Suppose -s = -4*s + 24. Let o(a) = -a**2 + 7*a + 14. Let u be o(s). What is the units digit of (-40)/3*(-9)/u?
0
Let c(x) = 4*x**2 + 8*x + 49. What is the units digit of c(10)?
9
What is the hundreds digit of 22840/18 - 4/(-36)?
2
Let u = 708 - 325. What is the hundreds digit of u?
3
Suppose -3*y + 4*a = -17720, 4*y = 13*a - 12*a + 23644. What is the thousands digit of y?
5
Let h(w) = 6*w**2 + 51 + 52 - 4*w + 36 - 123. What is the hundreds digit of h(7)?
2
Suppose z - 2 = 1. Suppose -k - 2*c = -1, -4*k - 2*c = -1 - z. Suppose 2 = w + k. What is the units digit of w?
1
Let b(j) = -j**2 - 7*j + 3. Let d be b(-6). Let n(o) = o**2 + o. Let c(p) = 4*p**2 + 18*p - 11. Let r(i) = c(i) - 5*n(i). What is the tens digit of r(d)?
2
Suppose 216 = -201*b + 205*b. What is the units digit of b?
4
Suppose -2*k + 29 = 4*r + k, 0 = 2*r - 3*k - 1. Suppose -5*y + 296 = 3*u, 3*y = r*y - 3*u - 110. What is the units digit of y?
8
Let y(h) be the second derivative of -2*h**2 - h**3 - 6*h + 30 + 27 - 57. What is the units digit of y(-6)?
2
Suppose 2*y - 10 = -3*y + 5*k, 4*y + 4*k = 24. Let z be y/((-5)/(-2) - 3). Let a(s) = s**2 + 3*s + 6. What is the units digit of a(z)?
6
Let r be (-11)/33*(-12 + 0). What is the tens digit of (-150)/r*(-5 - (-2 - 1))?
7
Let k be (-48)/(-28) - 2/(-7). Suppose k*g + 5*q + 0 = 1, -2*g + 9 = -3*q. Suppose -5*z = 2*y - 35, -3 + 26 = y - g*z. What is the units digit of y?
0
Let s(t) = -t**3 - 45*t**2 - 54*t - 51. What is the hundreds digit of s(-44)?
3
Let n be 32/(-7) + (-87)/203. What is the units digit of (5 - (-20)/n)*173?
3
Suppose 31 = 5*r + 4*u + 11, -3*r - 5*u = -25. Let j(s) = -s + 3. Let w be j(-4). Let l = r + w. What is the units digit of l?
7
What is the tens digit of (-2 + ((-20)/5 - -1153))*1?
4
Suppose j + 9 = 4*j. Suppose -302 = -5*x - j*v + 2, -v = x - 60. Let a = 95 - x. What is the tens digit of a?
3
Let h(p) = -p**3 - 7*p**2 + 18*p + 2. Let b be h(-9). What is the units digit of ((-229)/(-3) - b) + 2/3?
5
Let y = 7 + -4. Suppose 4*l - 15 = g, -y*g + 24 = 3*l - 6. Suppose 100 = 5*x - g*n, 2*n - 81 = -5*x - 2. What is the units digit of x?
7
Let g be -1*(0 + -2 + 4). What is the tens digit of (-221)/g + (-2)/4?
1
Let i(y) = 2*y**3 - y**2 - 3*y + 3. Let o be i(2). Suppose -o*z = -6*z - 117. Let r = z + -12. What is the tens digit of r?
2
Suppose -4 = -0*g + g, -5*k - 280 = -5*g. Let c = k + 134. What is the units digit of c?
4
Let h be (-16)/(-12)*(-3)/(-2). Suppose -h*d = d - 51. Suppose -6 = -l + d. What is the